{"id":999,"date":"2016-06-01T12:00:53","date_gmt":"2016-06-01T12:00:53","guid":{"rendered":"https:\/\/laboratoriodehistoria.pt\/?post_type=jetpack-portfolio&#038;p=999"},"modified":"2020-11-10T18:02:29","modified_gmt":"2020-11-10T18:02:29","slug":"coloquio-temas-e-problematicas-da-historia-contemporanea-historiadores-e-alunos-em-debate-sessao-de-encerramento","status":"publish","type":"jetpack-portfolio","link":"https:\/\/laboratoriodehistoria.pt\/index.php\/portfolio\/coloquio-temas-e-problematicas-da-historia-contemporanea-historiadores-e-alunos-em-debate-sessao-de-encerramento\/","title":{"rendered":"Col\u00f3quio: Temas e Problem\u00e1ticas da Hist\u00f3ria Contempor\u00e2nea | Historiadores e alunos em debate | Sess\u00e3o de encerramento"},"content":{"rendered":"","protected":false},"excerpt":{"rendered":"","protected":false},"author":1,"featured_media":459,"comment_status":"closed","ping_status":"closed","template":"","format":"standard","meta":[],"jetpack-portfolio-type":[45],"jetpack-portfolio-tag":[],"yoast_head":"<!-- This site is optimized with the Yoast SEO plugin v23.5 - https:\/\/yoast.com\/wordpress\/plugins\/seo\/ -->\n<title>Col\u00f3quio: Temas e Problem\u00e1ticas da Hist\u00f3ria Contempor\u00e2nea | Historiadores e alunos em debate | Sess\u00e3o de encerramento - Laborat\u00f3rio de Hist\u00f3ria, Territ\u00f3rios e Comunidades<\/title>\n<meta name=\"robots\" content=\"index, follow, max-snippet:-1, max-image-preview:large, max-video-preview:-1\" \/>\n<link rel=\"canonical\" href=\"https:\/\/laboratoriodehistoria.pt\/index.php\/portfolio\/coloquio-temas-e-problematicas-da-historia-contemporanea-historiadores-e-alunos-em-debate-sessao-de-encerramento\/\" \/>\n<meta property=\"og:locale\" content=\"pt_PT\" \/>\n<meta property=\"og:type\" content=\"article\" \/>\n<meta property=\"og:title\" content=\"Col\u00f3quio: Temas e Problem\u00e1ticas da Hist\u00f3ria Contempor\u00e2nea | Historiadores e alunos em debate | Sess\u00e3o de encerramento - Laborat\u00f3rio de Hist\u00f3ria, Territ\u00f3rios e Comunidades\" \/>\n<meta property=\"og:url\" content=\"https:\/\/laboratoriodehistoria.pt\/index.php\/portfolio\/coloquio-temas-e-problematicas-da-historia-contemporanea-historiadores-e-alunos-em-debate-sessao-de-encerramento\/\" \/>\n<meta property=\"og:site_name\" content=\"Laborat\u00f3rio de Hist\u00f3ria, Territ\u00f3rios e Comunidades\" \/>\n<meta property=\"article:modified_time\" content=\"2020-11-10T18:02:29+00:00\" \/>\n<meta property=\"og:image\" content=\"https:\/\/i0.wp.com\/laboratoriodehistoria.pt\/wp-content\/uploads\/2016\/05\/cartaz-camc3b5es-2016-e1463505640941-scaled.jpg?fit=2560%2C931&ssl=1\" \/>\n\t<meta property=\"og:image:width\" content=\"2560\" \/>\n\t<meta property=\"og:image:height\" content=\"931\" \/>\n\t<meta property=\"og:image:type\" content=\"image\/jpeg\" \/>\n<meta name=\"twitter:card\" content=\"summary_large_image\" \/>\n<script type=\"application\/ld+json\" class=\"yoast-schema-graph\">{\"@context\":\"https:\/\/schema.org\",\"@graph\":[{\"@type\":\"WebPage\",\"@id\":\"https:\/\/laboratoriodehistoria.pt\/index.php\/portfolio\/coloquio-temas-e-problematicas-da-historia-contemporanea-historiadores-e-alunos-em-debate-sessao-de-encerramento\/\",\"url\":\"https:\/\/laboratoriodehistoria.pt\/index.php\/portfolio\/coloquio-temas-e-problematicas-da-historia-contemporanea-historiadores-e-alunos-em-debate-sessao-de-encerramento\/\",\"name\":\"Col\u00f3quio: Temas e Problem\u00e1ticas da Hist\u00f3ria Contempor\u00e2nea | Historiadores e alunos em debate | Sess\u00e3o de encerramento - Laborat\u00f3rio de Hist\u00f3ria, Territ\u00f3rios e Comunidades\",\"isPartOf\":{\"@id\":\"https:\/\/laboratoriodehistoria.pt\/#website\"},\"primaryImageOfPage\":{\"@id\":\"https:\/\/laboratoriodehistoria.pt\/index.php\/portfolio\/coloquio-temas-e-problematicas-da-historia-contemporanea-historiadores-e-alunos-em-debate-sessao-de-encerramento\/#primaryimage\"},\"image\":{\"@id\":\"https:\/\/laboratoriodehistoria.pt\/index.php\/portfolio\/coloquio-temas-e-problematicas-da-historia-contemporanea-historiadores-e-alunos-em-debate-sessao-de-encerramento\/#primaryimage\"},\"thumbnailUrl\":\"https:\/\/i0.wp.com\/laboratoriodehistoria.pt\/wp-content\/uploads\/2016\/05\/cartaz-camc3b5es-2016-e1463505640941-scaled.jpg?fit=2560%2C931&ssl=1\",\"datePublished\":\"2016-06-01T12:00:53+00:00\",\"dateModified\":\"2020-11-10T18:02:29+00:00\",\"breadcrumb\":{\"@id\":\"https:\/\/laboratoriodehistoria.pt\/index.php\/portfolio\/coloquio-temas-e-problematicas-da-historia-contemporanea-historiadores-e-alunos-em-debate-sessao-de-encerramento\/#breadcrumb\"},\"inLanguage\":\"pt-PT\",\"potentialAction\":[{\"@type\":\"ReadAction\",\"target\":[\"https:\/\/laboratoriodehistoria.pt\/index.php\/portfolio\/coloquio-temas-e-problematicas-da-historia-contemporanea-historiadores-e-alunos-em-debate-sessao-de-encerramento\/\"]}]},{\"@type\":\"ImageObject\",\"inLanguage\":\"pt-PT\",\"@id\":\"https:\/\/laboratoriodehistoria.pt\/index.php\/portfolio\/coloquio-temas-e-problematicas-da-historia-contemporanea-historiadores-e-alunos-em-debate-sessao-de-encerramento\/#primaryimage\",\"url\":\"https:\/\/i0.wp.com\/laboratoriodehistoria.pt\/wp-content\/uploads\/2016\/05\/cartaz-camc3b5es-2016-e1463505640941-scaled.jpg?fit=2560%2C931&ssl=1\",\"contentUrl\":\"https:\/\/i0.wp.com\/laboratoriodehistoria.pt\/wp-content\/uploads\/2016\/05\/cartaz-camc3b5es-2016-e1463505640941-scaled.jpg?fit=2560%2C931&ssl=1\",\"width\":2560,\"height\":931},{\"@type\":\"BreadcrumbList\",\"@id\":\"https:\/\/laboratoriodehistoria.pt\/index.php\/portfolio\/coloquio-temas-e-problematicas-da-historia-contemporanea-historiadores-e-alunos-em-debate-sessao-de-encerramento\/#breadcrumb\",\"itemListElement\":[{\"@type\":\"ListItem\",\"position\":1,\"name\":\"Home\",\"item\":\"https:\/\/laboratoriodehistoria.pt\/\"},{\"@type\":\"ListItem\",\"position\":2,\"name\":\"Projects\",\"item\":\"https:\/\/laboratoriodehistoria.pt\/index.php\/portfolio\/\"},{\"@type\":\"ListItem\",\"position\":3,\"name\":\"Col\u00f3quio: Temas e Problem\u00e1ticas da Hist\u00f3ria Contempor\u00e2nea | Historiadores e alunos em debate | Sess\u00e3o de encerramento\"}]},{\"@type\":\"WebSite\",\"@id\":\"https:\/\/laboratoriodehistoria.pt\/#website\",\"url\":\"https:\/\/laboratoriodehistoria.pt\/\",\"name\":\"Laborat\u00f3rio de Hist\u00f3ria, Territ\u00f3rios e Comunidades\",\"description\":\"\",\"potentialAction\":[{\"@type\":\"SearchAction\",\"target\":{\"@type\":\"EntryPoint\",\"urlTemplate\":\"https:\/\/laboratoriodehistoria.pt\/?s={search_term_string}\"},\"query-input\":{\"@type\":\"PropertyValueSpecification\",\"valueRequired\":true,\"valueName\":\"search_term_string\"}}],\"inLanguage\":\"pt-PT\"}]}<\/script>\n<!-- \/ Yoast SEO plugin. -->","yoast_head_json":{"title":"Col\u00f3quio: Temas e Problem\u00e1ticas da Hist\u00f3ria Contempor\u00e2nea | Historiadores e alunos em debate | Sess\u00e3o de encerramento - Laborat\u00f3rio de Hist\u00f3ria, Territ\u00f3rios e Comunidades","robots":{"index":"index","follow":"follow","max-snippet":"max-snippet:-1","max-image-preview":"max-image-preview:large","max-video-preview":"max-video-preview:-1"},"canonical":"https:\/\/laboratoriodehistoria.pt\/index.php\/portfolio\/coloquio-temas-e-problematicas-da-historia-contemporanea-historiadores-e-alunos-em-debate-sessao-de-encerramento\/","og_locale":"pt_PT","og_type":"article","og_title":"Col\u00f3quio: Temas e Problem\u00e1ticas da Hist\u00f3ria Contempor\u00e2nea | Historiadores e alunos em debate | Sess\u00e3o de encerramento - Laborat\u00f3rio de Hist\u00f3ria, Territ\u00f3rios e Comunidades","og_url":"https:\/\/laboratoriodehistoria.pt\/index.php\/portfolio\/coloquio-temas-e-problematicas-da-historia-contemporanea-historiadores-e-alunos-em-debate-sessao-de-encerramento\/","og_site_name":"Laborat\u00f3rio de Hist\u00f3ria, Territ\u00f3rios e Comunidades","article_modified_time":"2020-11-10T18:02:29+00:00","og_image":[{"width":2560,"height":931,"url":"https:\/\/i0.wp.com\/laboratoriodehistoria.pt\/wp-content\/uploads\/2016\/05\/cartaz-camc3b5es-2016-e1463505640941-scaled.jpg?fit=2560%2C931&ssl=1","type":"image\/jpeg"}],"twitter_card":"summary_large_image","schema":{"@context":"https:\/\/schema.org","@graph":[{"@type":"WebPage","@id":"https:\/\/laboratoriodehistoria.pt\/index.php\/portfolio\/coloquio-temas-e-problematicas-da-historia-contemporanea-historiadores-e-alunos-em-debate-sessao-de-encerramento\/","url":"https:\/\/laboratoriodehistoria.pt\/index.php\/portfolio\/coloquio-temas-e-problematicas-da-historia-contemporanea-historiadores-e-alunos-em-debate-sessao-de-encerramento\/","name":"Col\u00f3quio: Temas e Problem\u00e1ticas da Hist\u00f3ria Contempor\u00e2nea | Historiadores e alunos em debate | Sess\u00e3o de encerramento - Laborat\u00f3rio de Hist\u00f3ria, Territ\u00f3rios e Comunidades","isPartOf":{"@id":"https:\/\/laboratoriodehistoria.pt\/#website"},"primaryImageOfPage":{"@id":"https:\/\/laboratoriodehistoria.pt\/index.php\/portfolio\/coloquio-temas-e-problematicas-da-historia-contemporanea-historiadores-e-alunos-em-debate-sessao-de-encerramento\/#primaryimage"},"image":{"@id":"https:\/\/laboratoriodehistoria.pt\/index.php\/portfolio\/coloquio-temas-e-problematicas-da-historia-contemporanea-historiadores-e-alunos-em-debate-sessao-de-encerramento\/#primaryimage"},"thumbnailUrl":"https:\/\/i0.wp.com\/laboratoriodehistoria.pt\/wp-content\/uploads\/2016\/05\/cartaz-camc3b5es-2016-e1463505640941-scaled.jpg?fit=2560%2C931&ssl=1","datePublished":"2016-06-01T12:00:53+00:00","dateModified":"2020-11-10T18:02:29+00:00","breadcrumb":{"@id":"https:\/\/laboratoriodehistoria.pt\/index.php\/portfolio\/coloquio-temas-e-problematicas-da-historia-contemporanea-historiadores-e-alunos-em-debate-sessao-de-encerramento\/#breadcrumb"},"inLanguage":"pt-PT","potentialAction":[{"@type":"ReadAction","target":["https:\/\/laboratoriodehistoria.pt\/index.php\/portfolio\/coloquio-temas-e-problematicas-da-historia-contemporanea-historiadores-e-alunos-em-debate-sessao-de-encerramento\/"]}]},{"@type":"ImageObject","inLanguage":"pt-PT","@id":"https:\/\/laboratoriodehistoria.pt\/index.php\/portfolio\/coloquio-temas-e-problematicas-da-historia-contemporanea-historiadores-e-alunos-em-debate-sessao-de-encerramento\/#primaryimage","url":"https:\/\/i0.wp.com\/laboratoriodehistoria.pt\/wp-content\/uploads\/2016\/05\/cartaz-camc3b5es-2016-e1463505640941-scaled.jpg?fit=2560%2C931&ssl=1","contentUrl":"https:\/\/i0.wp.com\/laboratoriodehistoria.pt\/wp-content\/uploads\/2016\/05\/cartaz-camc3b5es-2016-e1463505640941-scaled.jpg?fit=2560%2C931&ssl=1","width":2560,"height":931},{"@type":"BreadcrumbList","@id":"https:\/\/laboratoriodehistoria.pt\/index.php\/portfolio\/coloquio-temas-e-problematicas-da-historia-contemporanea-historiadores-e-alunos-em-debate-sessao-de-encerramento\/#breadcrumb","itemListElement":[{"@type":"ListItem","position":1,"name":"Home","item":"https:\/\/laboratoriodehistoria.pt\/"},{"@type":"ListItem","position":2,"name":"Projects","item":"https:\/\/laboratoriodehistoria.pt\/index.php\/portfolio\/"},{"@type":"ListItem","position":3,"name":"Col\u00f3quio: Temas e Problem\u00e1ticas da Hist\u00f3ria Contempor\u00e2nea | Historiadores e alunos em debate | Sess\u00e3o de encerramento"}]},{"@type":"WebSite","@id":"https:\/\/laboratoriodehistoria.pt\/#website","url":"https:\/\/laboratoriodehistoria.pt\/","name":"Laborat\u00f3rio de Hist\u00f3ria, Territ\u00f3rios e Comunidades","description":"","potentialAction":[{"@type":"SearchAction","target":{"@type":"EntryPoint","urlTemplate":"https:\/\/laboratoriodehistoria.pt\/?s={search_term_string}"},"query-input":{"@type":"PropertyValueSpecification","valueRequired":true,"valueName":"search_term_string"}}],"inLanguage":"pt-PT"}]}},"jetpack_sharing_enabled":true,"_links":{"self":[{"href":"https:\/\/laboratoriodehistoria.pt\/index.php\/wp-json\/wp\/v2\/jetpack-portfolio\/999"}],"collection":[{"href":"https:\/\/laboratoriodehistoria.pt\/index.php\/wp-json\/wp\/v2\/jetpack-portfolio"}],"about":[{"href":"https:\/\/laboratoriodehistoria.pt\/index.php\/wp-json\/wp\/v2\/types\/jetpack-portfolio"}],"author":[{"embeddable":true,"href":"https:\/\/laboratoriodehistoria.pt\/index.php\/wp-json\/wp\/v2\/users\/1"}],"replies":[{"embeddable":true,"href":"https:\/\/laboratoriodehistoria.pt\/index.php\/wp-json\/wp\/v2\/comments?post=999"}],"version-history":[{"count":1,"href":"https:\/\/laboratoriodehistoria.pt\/index.php\/wp-json\/wp\/v2\/jetpack-portfolio\/999\/revisions"}],"predecessor-version":[{"id":1000,"href":"https:\/\/laboratoriodehistoria.pt\/index.php\/wp-json\/wp\/v2\/jetpack-portfolio\/999\/revisions\/1000"}],"wp:featuredmedia":[{"embeddable":true,"href":"https:\/\/laboratoriodehistoria.pt\/index.php\/wp-json\/wp\/v2\/media\/459"}],"wp:attachment":[{"href":"https:\/\/laboratoriodehistoria.pt\/index.php\/wp-json\/wp\/v2\/media?parent=999"}],"wp:term":[{"taxonomy":"jetpack-portfolio-type","embeddable":true,"href":"https:\/\/laboratoriodehistoria.pt\/index.php\/wp-json\/wp\/v2\/jetpack-portfolio-type?post=999"},{"taxonomy":"jetpack-portfolio-tag","embeddable":true,"href":"https:\/\/laboratoriodehistoria.pt\/index.php\/wp-json\/wp\/v2\/jetpack-portfolio-tag?post=999"}],"curies":[{"name":"wp","href":"https:\/\/api.w.org\/{rel}","templated":true}]}}

Colóquio: Temas e Problemáticas da História Contemporânea | Historiadores e alunos em debate | Sessão de encerramento

<!-- This site is optimized with the Yoast SEO plugin v23.5 - https://yoast.com/wordpress/plugins/seo/ -->
<title>Colóquio: Temas e Problemáticas da História Contemporânea | Historiadores e alunos em debate | Sessão de encerramento - Laboratório de História, Territórios e Comunidades</title>
<meta name="robots" content="index, follow, max-snippet:-1, max-image-preview:large, max-video-preview:-1" />
<link rel="canonical" href="https://laboratoriodehistoria.pt/index.php/portfolio/coloquio-temas-e-problematicas-da-historia-contemporanea-historiadores-e-alunos-em-debate-sessao-de-encerramento/" />
<meta property="og:locale" content="pt_PT" />
<meta property="og:type" content="article" />
<meta property="og:title" content="Colóquio: Temas e Problemáticas da História Contemporânea | Historiadores e alunos em debate | Sessão de encerramento - Laboratório de História, Territórios e Comunidades" />
<meta property="og:url" content="https://laboratoriodehistoria.pt/index.php/portfolio/coloquio-temas-e-problematicas-da-historia-contemporanea-historiadores-e-alunos-em-debate-sessao-de-encerramento/" />
<meta property="og:site_name" content="Laboratório de História, Territórios e Comunidades" />
<meta property="article:modified_time" content="2020-11-10T18:02:29+00:00" />
<meta property="og:image" content="https://i0.wp.com/laboratoriodehistoria.pt/wp-content/uploads/2016/05/cartaz-camc3b5es-2016-e1463505640941-scaled.jpg?fit=2560%2C931&ssl=1" />
	<meta property="og:image:width" content="2560" />
	<meta property="og:image:height" content="931" />
	<meta property="og:image:type" content="image/jpeg" />
<meta name="twitter:card" content="summary_large_image" />
<script type="application/ld+json" class="yoast-schema-graph">{"@context":"https://schema.org","@graph":[{"@type":"WebPage","@id":"https://laboratoriodehistoria.pt/index.php/portfolio/coloquio-temas-e-problematicas-da-historia-contemporanea-historiadores-e-alunos-em-debate-sessao-de-encerramento/","url":"https://laboratoriodehistoria.pt/index.php/portfolio/coloquio-temas-e-problematicas-da-historia-contemporanea-historiadores-e-alunos-em-debate-sessao-de-encerramento/","name":"Colóquio: Temas e Problemáticas da História Contemporânea | Historiadores e alunos em debate | Sessão de encerramento - Laboratório de História, Territórios e Comunidades","isPartOf":{"@id":"https://laboratoriodehistoria.pt/#website"},"primaryImageOfPage":{"@id":"https://laboratoriodehistoria.pt/index.php/portfolio/coloquio-temas-e-problematicas-da-historia-contemporanea-historiadores-e-alunos-em-debate-sessao-de-encerramento/#primaryimage"},"image":{"@id":"https://laboratoriodehistoria.pt/index.php/portfolio/coloquio-temas-e-problematicas-da-historia-contemporanea-historiadores-e-alunos-em-debate-sessao-de-encerramento/#primaryimage"},"thumbnailUrl":"https://i0.wp.com/laboratoriodehistoria.pt/wp-content/uploads/2016/05/cartaz-camc3b5es-2016-e1463505640941-scaled.jpg?fit=2560%2C931&ssl=1","datePublished":"2016-06-01T12:00:53+00:00","dateModified":"2020-11-10T18:02:29+00:00","breadcrumb":{"@id":"https://laboratoriodehistoria.pt/index.php/portfolio/coloquio-temas-e-problematicas-da-historia-contemporanea-historiadores-e-alunos-em-debate-sessao-de-encerramento/#breadcrumb"},"inLanguage":"pt-PT","potentialAction":[{"@type":"ReadAction","target":["https://laboratoriodehistoria.pt/index.php/portfolio/coloquio-temas-e-problematicas-da-historia-contemporanea-historiadores-e-alunos-em-debate-sessao-de-encerramento/"]}]},{"@type":"ImageObject","inLanguage":"pt-PT","@id":"https://laboratoriodehistoria.pt/index.php/portfolio/coloquio-temas-e-problematicas-da-historia-contemporanea-historiadores-e-alunos-em-debate-sessao-de-encerramento/#primaryimage","url":"https://i0.wp.com/laboratoriodehistoria.pt/wp-content/uploads/2016/05/cartaz-camc3b5es-2016-e1463505640941-scaled.jpg?fit=2560%2C931&ssl=1","contentUrl":"https://i0.wp.com/laboratoriodehistoria.pt/wp-content/uploads/2016/05/cartaz-camc3b5es-2016-e1463505640941-scaled.jpg?fit=2560%2C931&ssl=1","width":2560,"height":931},{"@type":"BreadcrumbList","@id":"https://laboratoriodehistoria.pt/index.php/portfolio/coloquio-temas-e-problematicas-da-historia-contemporanea-historiadores-e-alunos-em-debate-sessao-de-encerramento/#breadcrumb","itemListElement":[{"@type":"ListItem","position":1,"name":"Home","item":"https://laboratoriodehistoria.pt/"},{"@type":"ListItem","position":2,"name":"Projects","item":"https://laboratoriodehistoria.pt/index.php/portfolio/"},{"@type":"ListItem","position":3,"name":"Colóquio: Temas e Problemáticas da História Contemporânea | Historiadores e alunos em debate | Sessão de encerramento"}]},{"@type":"WebSite","@id":"https://laboratoriodehistoria.pt/#website","url":"https://laboratoriodehistoria.pt/","name":"Laboratório de História, Territórios e Comunidades","description":"","potentialAction":[{"@type":"SearchAction","target":{"@type":"EntryPoint","urlTemplate":"https://laboratoriodehistoria.pt/?s={search_term_string}"},"query-input":{"@type":"PropertyValueSpecification","valueRequired":true,"valueName":"search_term_string"}}],"inLanguage":"pt-PT"}]}</script>
<!-- / Yoast SEO plugin. -->

Colóquio: Temas e Problemáticas da História Contemporânea | Historiadores e alunos em debate | Sessão de encerramento - Laboratório de História, Territórios e Comunidades

Laboratório de História, Territórios e Comunidades
