{"id":1925,"date":"2025-06-06T11:27:16","date_gmt":"2025-06-06T11:27:16","guid":{"rendered":"https:\/\/laboratoriodehistoria.pt\/?page_id=1925"},"modified":"2025-06-06T11:29:21","modified_gmt":"2025-06-06T11:29:21","slug":"projeto-historia-popular-2","status":"publish","type":"page","link":"https:\/\/laboratoriodehistoria.pt\/index.php\/projeto-historia-popular-2\/","title":{"rendered":"Projeto Hist\u00f3ria Popular"},"content":{"rendered":"\n<p>A \u201chist\u00f3ria do povo\u201d \u2014 com uma longa tradi\u00e7\u00e3o em l\u00edngua inglesa e francesa mas ainda a dar os primeiros passos em Portugal \u2014 \u00e9 a hist\u00f3ria dos de baixo, isto \u00e9, das pessoas comuns que fazem e refazem a hist\u00f3ria, partindo da centralidade do trabalho e dos conflitos sociais na vida p\u00fablica para explicar como cheg\u00e1mos at\u00e9 aqui, e como o pensamento e a ac\u00e7\u00e3o das pessoas, individual ou colectivamente, transforma as sociedades humanas a partir das diferentes forma\u00e7\u00f5es sociais e para al\u00e9m dos Estado-na\u00e7\u00e3o.<\/p>\n\n\n\n<p>Trata-se de uma conce\u00e7\u00e3o anti-positivista e anti-idealista da hist\u00f3ria que nega que a mesma se possa reduzir aos sujeitos representativos (direc\u00e7\u00f5es, institui\u00e7\u00f5es etc.). A hist\u00f3ria do povo procura a compreens\u00e3o do papel fundamental da ag\u00eancia hist\u00f3rica (classes e movimentos sociais), para al\u00e9m das estruturas sociais (Estados e governos). As classes trabalhadoras fazem a hist\u00f3ria (sejam manuais ou intelectuais, do p\u00fablico ou do privado, da cidade e do campo etc.).&nbsp;<\/p>\n\n\n\n<p>Este Laborat\u00f3rio de Ensino da Hist\u00f3ria Popular \u00e9 constru\u00eddo pelos estudantes do Mestrado em Ensino de Hist\u00f3ria do 3\u00ba Ciclo do Ensino B\u00e1sico e no Ensino Secund\u00e1rio da NOVA FCSH, na disciplina de Organiza\u00e7\u00e3o de Projectos Educativos em Hist\u00f3ria, sob a direc\u00e7\u00e3o da Profa. Dra. Raquel Varela. Os diversos trabalhos aqui apresentados est\u00e3o voltados para todo o p\u00fablico, em particular para os professores da \u00e1rea da hist\u00f3ria e das ci\u00eancias sociais no ensino b\u00e1sico e secund\u00e1rio.<\/p>\n\n\n\n<p>Esta rica produ\u00e7\u00e3o procura contribuir para os projectos educativos desenvolvidos em hist\u00f3ria e ci\u00eancias sociais e humanas nas escolas do pa\u00eds, reflectindo sobre a constru\u00e7\u00e3o do pensamento hist\u00f3rico como forma\u00e7\u00e3o moral e intelectual integral de estudantes, professores e comunidade em geral. Trata-se portanto de um ramo decisivo da \u201chist\u00f3ria p\u00fablica\u201d, desenvolvendo teorias, m\u00e9todos e t\u00e9cnicas de hist\u00f3ria, ensino de hist\u00f3ria e historiografia que procuram repensar como se faz e como se escreve a hist\u00f3ria, numa perspectiva de totalidade.<\/p>\n\n\n\n<p><a href=\"https:\/\/drive.google.com\/file\/d\/17TfJNLZ2BMgxUm0HNH_XgDUoqPeMc3F2\/view?usp=share_link\"><em>Nascer no Portugal rural do Estado Novo. Salazar e as Pol\u00edticas de Sa\u00fade Materno-Infantil. Li\u00e7\u00e3o para o Laborat\u00f3rio de Hist\u00f3ria<\/em><\/a><strong>, <\/strong>Andreia Almeida<\/p>\n\n\n\n<p><a href=\"https:\/\/drive.google.com\/file\/d\/1ZjwmsT-zTeUXULakDb4UN7yDuoOj-Oei\/view?usp=share_link\">A F\u00e1brica Mundet: Exemplo de autogest\u00e3o no concelho do Seixal<\/a>, Diana Rato<\/p>\n\n\n\n<p><a href=\"https:\/\/drive.google.com\/file\/d\/10zjyeGHxm6gxkFeNcAXQH61fS0J2--yO\/view?usp=sharing\">Os Her\u00f3is Invis\u00edveis das Cheias de 1967 &#8211; An\u00e1lise da cat\u00e1strofe, da censura e do ativismo estudantil,<\/a> Beatriz Caldinhas<\/p>\n\n\n\n<p><a href=\"https:\/\/drive.google.com\/file\/d\/1dG4FjsgyyKOuJemLFTYPvSE1P_r28ir2\/view?usp=share_link\">Retrato da popula\u00e7\u00e3o trabalhadora dos bairros hist\u00f3ricos de Lisboa, a partir da an\u00e1lise d\u2019Os Reinegros: condi\u00e7\u00f5es de vida e resist\u00eancia<\/a>, Beatriz Apolin\u00e1rio<\/p>\n\n\n\n<p><a href=\"https:\/\/drive.google.com\/file\/d\/151x369PCO9TEog2hNAZpy74TtjKoDvzG\/view?usp=share_link\">Soda P\u00f3voa, a sua hist\u00f3ria e a ades\u00e3o dos seus trabalhadores \u00e0s greves de 8 e 9 de Maio de 1944<\/a>, Gon\u00e7alo Casimiro<\/p>\n\n\n\n<p><a href=\"https:\/\/drive.google.com\/file\/d\/1dQW9DbMBviGfihZKRYOSyDbtvwkzFC0g\/view?usp=share_link\">A Final da Ta\u00e7a de 1969<\/a>, Gon\u00e7alo Duarte<br><br><a href=\"https:\/\/drive.google.com\/file\/d\/1Chy10otVjIhG4m2MGamAfxXGMzSXCd5k\/view?usp=share_link\">O Barreiro Corticeiro: retratos do quotidiano feminino. O exemplo da f\u00e1brica Theodoro Rubio atrav\u00e9s de um testemunho oral<\/a>, Mariana Sequeira<\/p>\n\n\n\n<p><a href=\"https:\/\/drive.google.com\/file\/d\/14D_FNXX8pua4Tg60kLWSs7At1c7XtxBh\/view?usp=share_link\">O movimento iberista (1848-1936): uma breve an\u00e1lise sobre a desarticula\u00e7\u00e3o entre as elites e os movimentos populares &#8211; concisa explica\u00e7\u00e3o para os alunos do 12\u00ba ano do Ensino Secund\u00e1rio<\/a>, Pedro Pimenta<\/p>\n\n\n\n<p><a href=\"https:\/\/drive.google.com\/file\/d\/1pSE8nvAXP8ceVfaYEid6sRMGIl1wDnIL\/view?usp=share_link\">O ensino profissional e t\u00e9cnico na Primeira Rep\u00fablica Portuguesa (1910-1926)<\/a>, Joana Baptista<\/p>\n\n\n\n<p><a href=\"https:\/\/drive.google.com\/file\/d\/1fThKw6anLtaMQg9WpLhe6CbsfpNK68NJ\/view?usp=share_link\">Surrealismo portugu\u00eas, um inimigo dos Estado Novo?<\/a>, Jo\u00e3o Sousa<\/p>\n\n\n\n<p><a href=\"https:\/\/drive.google.com\/file\/d\/18jcdfuUSNolTlYCDYjxDvuH8O1WZOsaT\/view?usp=share_link\">Marvila industrial: o caso da Sociedade Nacional de Sab\u00f5es<\/a>, Veronica Ramos<\/p>\n\n\n\n<p><a href=\"https:\/\/drive.google.com\/file\/d\/1w1N7oS5C-FujKZ1iLBpVhjgvNUdnASF3\/view?usp=share_link\">Jos\u00e9 Do Telhado &#8211; Bandido Social ou Resistente Popular<\/a>, I\u00fari Pereira<\/p>\n","protected":false},"excerpt":{"rendered":"<p>A \u201chist\u00f3ria do povo\u201d \u2014 com uma longa tradi\u00e7\u00e3o em l\u00edngua inglesa e francesa mas ainda a dar os primeiros passos em Portugal \u2014 \u00e9 a hist\u00f3ria dos de baixo, isto \u00e9, das pessoas comuns que fazem e refazem a hist\u00f3ria, partindo da centralidade do trabalho e dos conflitos sociais na vida p\u00fablica para explicar [&hellip;]<\/p>\n","protected":false},"author":4,"featured_media":0,"parent":0,"menu_order":0,"comment_status":"closed","ping_status":"closed","template":"","meta":{"footnotes":""},"yoast_head":"<!-- This site is optimized with the Yoast SEO plugin v23.5 - https:\/\/yoast.com\/wordpress\/plugins\/seo\/ -->\n<title>Projeto Hist\u00f3ria Popular - Laborat\u00f3rio de Hist\u00f3ria, Territ\u00f3rios e Comunidades<\/title>\n<meta name=\"robots\" content=\"index, follow, max-snippet:-1, max-image-preview:large, max-video-preview:-1\" \/>\n<link rel=\"canonical\" href=\"https:\/\/laboratoriodehistoria.pt\/index.php\/projeto-historia-popular-2\/\" \/>\n<meta property=\"og:locale\" content=\"pt_PT\" \/>\n<meta property=\"og:type\" content=\"article\" \/>\n<meta property=\"og:title\" content=\"Projeto Hist\u00f3ria Popular - Laborat\u00f3rio de Hist\u00f3ria, Territ\u00f3rios e Comunidades\" \/>\n<meta property=\"og:description\" content=\"A \u201chist\u00f3ria do povo\u201d \u2014 com uma longa tradi\u00e7\u00e3o em l\u00edngua inglesa e francesa mas ainda a dar os primeiros passos em Portugal \u2014 \u00e9 a hist\u00f3ria dos de baixo, isto \u00e9, das pessoas comuns que fazem e refazem a hist\u00f3ria, partindo da centralidade do trabalho e dos conflitos sociais na vida p\u00fablica para explicar [&hellip;]\" \/>\n<meta property=\"og:url\" content=\"https:\/\/laboratoriodehistoria.pt\/index.php\/projeto-historia-popular-2\/\" \/>\n<meta property=\"og:site_name\" content=\"Laborat\u00f3rio de Hist\u00f3ria, Territ\u00f3rios e Comunidades\" \/>\n<meta property=\"article:modified_time\" content=\"2025-06-06T11:29:21+00:00\" \/>\n<meta name=\"twitter:card\" content=\"summary_large_image\" \/>\n<meta name=\"twitter:label1\" content=\"Tempo estimado de leitura\" \/>\n\t<meta name=\"twitter:data1\" content=\"3 minutos\" \/>\n<script type=\"application\/ld+json\" class=\"yoast-schema-graph\">{\"@context\":\"https:\/\/schema.org\",\"@graph\":[{\"@type\":\"WebPage\",\"@id\":\"https:\/\/laboratoriodehistoria.pt\/index.php\/projeto-historia-popular-2\/\",\"url\":\"https:\/\/laboratoriodehistoria.pt\/index.php\/projeto-historia-popular-2\/\",\"name\":\"Projeto Hist\u00f3ria Popular - Laborat\u00f3rio de Hist\u00f3ria, Territ\u00f3rios e Comunidades\",\"isPartOf\":{\"@id\":\"https:\/\/laboratoriodehistoria.pt\/#website\"},\"datePublished\":\"2025-06-06T11:27:16+00:00\",\"dateModified\":\"2025-06-06T11:29:21+00:00\",\"breadcrumb\":{\"@id\":\"https:\/\/laboratoriodehistoria.pt\/index.php\/projeto-historia-popular-2\/#breadcrumb\"},\"inLanguage\":\"pt-PT\",\"potentialAction\":[{\"@type\":\"ReadAction\",\"target\":[\"https:\/\/laboratoriodehistoria.pt\/index.php\/projeto-historia-popular-2\/\"]}]},{\"@type\":\"BreadcrumbList\",\"@id\":\"https:\/\/laboratoriodehistoria.pt\/index.php\/projeto-historia-popular-2\/#breadcrumb\",\"itemListElement\":[{\"@type\":\"ListItem\",\"position\":1,\"name\":\"Home\",\"item\":\"https:\/\/laboratoriodehistoria.pt\/\"},{\"@type\":\"ListItem\",\"position\":2,\"name\":\"Projeto Hist\u00f3ria Popular\"}]},{\"@type\":\"WebSite\",\"@id\":\"https:\/\/laboratoriodehistoria.pt\/#website\",\"url\":\"https:\/\/laboratoriodehistoria.pt\/\",\"name\":\"Laborat\u00f3rio de Hist\u00f3ria, Territ\u00f3rios e Comunidades\",\"description\":\"\",\"potentialAction\":[{\"@type\":\"SearchAction\",\"target\":{\"@type\":\"EntryPoint\",\"urlTemplate\":\"https:\/\/laboratoriodehistoria.pt\/?s={search_term_string}\"},\"query-input\":{\"@type\":\"PropertyValueSpecification\",\"valueRequired\":true,\"valueName\":\"search_term_string\"}}],\"inLanguage\":\"pt-PT\"}]}<\/script>\n<!-- \/ Yoast SEO plugin. -->","yoast_head_json":{"title":"Projeto Hist\u00f3ria Popular - Laborat\u00f3rio de Hist\u00f3ria, Territ\u00f3rios e Comunidades","robots":{"index":"index","follow":"follow","max-snippet":"max-snippet:-1","max-image-preview":"max-image-preview:large","max-video-preview":"max-video-preview:-1"},"canonical":"https:\/\/laboratoriodehistoria.pt\/index.php\/projeto-historia-popular-2\/","og_locale":"pt_PT","og_type":"article","og_title":"Projeto Hist\u00f3ria Popular - Laborat\u00f3rio de Hist\u00f3ria, Territ\u00f3rios e Comunidades","og_description":"A \u201chist\u00f3ria do povo\u201d \u2014 com uma longa tradi\u00e7\u00e3o em l\u00edngua inglesa e francesa mas ainda a dar os primeiros passos em Portugal \u2014 \u00e9 a hist\u00f3ria dos de baixo, isto \u00e9, das pessoas comuns que fazem e refazem a hist\u00f3ria, partindo da centralidade do trabalho e dos conflitos sociais na vida p\u00fablica para explicar [&hellip;]","og_url":"https:\/\/laboratoriodehistoria.pt\/index.php\/projeto-historia-popular-2\/","og_site_name":"Laborat\u00f3rio de Hist\u00f3ria, Territ\u00f3rios e Comunidades","article_modified_time":"2025-06-06T11:29:21+00:00","twitter_card":"summary_large_image","twitter_misc":{"Tempo estimado de leitura":"3 minutos"},"schema":{"@context":"https:\/\/schema.org","@graph":[{"@type":"WebPage","@id":"https:\/\/laboratoriodehistoria.pt\/index.php\/projeto-historia-popular-2\/","url":"https:\/\/laboratoriodehistoria.pt\/index.php\/projeto-historia-popular-2\/","name":"Projeto Hist\u00f3ria Popular - Laborat\u00f3rio de Hist\u00f3ria, Territ\u00f3rios e Comunidades","isPartOf":{"@id":"https:\/\/laboratoriodehistoria.pt\/#website"},"datePublished":"2025-06-06T11:27:16+00:00","dateModified":"2025-06-06T11:29:21+00:00","breadcrumb":{"@id":"https:\/\/laboratoriodehistoria.pt\/index.php\/projeto-historia-popular-2\/#breadcrumb"},"inLanguage":"pt-PT","potentialAction":[{"@type":"ReadAction","target":["https:\/\/laboratoriodehistoria.pt\/index.php\/projeto-historia-popular-2\/"]}]},{"@type":"BreadcrumbList","@id":"https:\/\/laboratoriodehistoria.pt\/index.php\/projeto-historia-popular-2\/#breadcrumb","itemListElement":[{"@type":"ListItem","position":1,"name":"Home","item":"https:\/\/laboratoriodehistoria.pt\/"},{"@type":"ListItem","position":2,"name":"Projeto Hist\u00f3ria Popular"}]},{"@type":"WebSite","@id":"https:\/\/laboratoriodehistoria.pt\/#website","url":"https:\/\/laboratoriodehistoria.pt\/","name":"Laborat\u00f3rio de Hist\u00f3ria, Territ\u00f3rios e Comunidades","description":"","potentialAction":[{"@type":"SearchAction","target":{"@type":"EntryPoint","urlTemplate":"https:\/\/laboratoriodehistoria.pt\/?s={search_term_string}"},"query-input":{"@type":"PropertyValueSpecification","valueRequired":true,"valueName":"search_term_string"}}],"inLanguage":"pt-PT"}]}},"jetpack_sharing_enabled":true,"_links":{"self":[{"href":"https:\/\/laboratoriodehistoria.pt\/index.php\/wp-json\/wp\/v2\/pages\/1925"}],"collection":[{"href":"https:\/\/laboratoriodehistoria.pt\/index.php\/wp-json\/wp\/v2\/pages"}],"about":[{"href":"https:\/\/laboratoriodehistoria.pt\/index.php\/wp-json\/wp\/v2\/types\/page"}],"author":[{"embeddable":true,"href":"https:\/\/laboratoriodehistoria.pt\/index.php\/wp-json\/wp\/v2\/users\/4"}],"replies":[{"embeddable":true,"href":"https:\/\/laboratoriodehistoria.pt\/index.php\/wp-json\/wp\/v2\/comments?post=1925"}],"version-history":[{"count":1,"href":"https:\/\/laboratoriodehistoria.pt\/index.php\/wp-json\/wp\/v2\/pages\/1925\/revisions"}],"predecessor-version":[{"id":1927,"href":"https:\/\/laboratoriodehistoria.pt\/index.php\/wp-json\/wp\/v2\/pages\/1925\/revisions\/1927"}],"wp:attachment":[{"href":"https:\/\/laboratoriodehistoria.pt\/index.php\/wp-json\/wp\/v2\/media?parent=1925"}],"curies":[{"name":"wp","href":"https:\/\/api.w.org\/{rel}","templated":true}]}}